{"id":2203,"date":"2019-10-29T16:08:27","date_gmt":"2019-10-29T15:08:27","guid":{"rendered":"http:\/\/cj-grafik.de\/?page_id=2203"},"modified":"2020-09-05T18:16:42","modified_gmt":"2020-09-05T16:16:42","slug":"comic-workshop","status":"publish","type":"page","link":"http:\/\/cj-grafik.de\/?page_id=2203","title":{"rendered":"Comic zeichnen"},"content":{"rendered":"\n<p>Dauer: 2\u20133 Stunden (auf Anfrage auch l\u00e4nger)<br>Alter: ab 9 Jahre<br>Teilnehmeranzahl: bis 12<br><br>Ziel: Die TeilnehmerInnen lernen Gestaltungsprinzipien und -techniken kennen und zeichnen ihren eigenen, individuellen Comic. Der Spa\u00df steht dabei im Vordergrund. <\/p>\n\n\n\n<p>Stationen:<br>1. Der eigene Held, die eigene Heldin<br> Welche Eigenschaften hat die Hauptfigur, ist sie ein Mensch, ein Tier, eine Kartoffel? Ist sie klein, ist sie stark, mutig, schusselig, ordentlich, chaotisch, hat sie Superkr\u00e4fte&#8230; all das k\u00f6nnen wir ins Aussehen und in den Charakter der Hauptfigur einflie\u00dfen lassen.&nbsp;<\/p>\n\n\n\n<p>2. Die eigene Story<br>In welcher Welt spielt der Comic, spielt er im Hier und Jetzt oder vielleicht in der Zukunft? Was passiert in dieser Welt, gibt es einen Konflikt oder ein Abenteuer zu bestehen? Wird am Ende alles gut? Wir \u00fcberlegen uns eine packende Geschichte mit Anfang, Mittelteil und Schluss.&nbsp;<br><\/p>\n\n\n\n<p>3. Das passende Layout<br>Es gibt viele verschiedene M\u00f6glichkeiten, die Geschichte um unsere Hauptfigur aufs Papier zu bringen. Ich zeige die g\u00e4ngigsten Layouts auf und erkl\u00e4re, wof\u00fcr zum Beispiel besonders gro\u00dfe oder kleine K\u00e4stchen gut sind, wie man Spannung am Ende einer Comicseite erzeugt und Wiederholungen vermeidet.&nbsp;<\/p>\n\n\n\n<ul class=\"wp-block-gallery columns-3 is-cropped\"><li class=\"blocks-gallery-item\"><figure><img loading=\"lazy\" width=\"660\" height=\"921\" src=\"http:\/\/cj-grafik.de\/wp-content\/uploads\/Comic_1-1.jpg\" alt=\"\" data-id=\"2213\" data-link=\"http:\/\/cj-grafik.de\/workshop\/comic-workshop\/comic_1-1\" class=\"wp-image-2213\" srcset=\"http:\/\/cj-grafik.de\/wp-content\/uploads\/Comic_1-1.jpg 660w, http:\/\/cj-grafik.de\/wp-content\/uploads\/Comic_1-1-215x300.jpg 215w, http:\/\/cj-grafik.de\/wp-content\/uploads\/Comic_1-1-107x150.jpg 107w, http:\/\/cj-grafik.de\/wp-content\/uploads\/Comic_1-1-400x558.jpg 400w\" sizes=\"(max-width: 660px) 100vw, 660px\" \/><\/figure><\/li><li class=\"blocks-gallery-item\"><figure><img loading=\"lazy\" width=\"660\" height=\"921\" src=\"http:\/\/cj-grafik.de\/wp-content\/uploads\/Comic_2.jpg\" alt=\"\" data-id=\"2214\" data-link=\"http:\/\/cj-grafik.de\/workshop\/comic-workshop\/comic_2\" class=\"wp-image-2214\" srcset=\"http:\/\/cj-grafik.de\/wp-content\/uploads\/Comic_2.jpg 660w, http:\/\/cj-grafik.de\/wp-content\/uploads\/Comic_2-215x300.jpg 215w, http:\/\/cj-grafik.de\/wp-content\/uploads\/Comic_2-107x150.jpg 107w, http:\/\/cj-grafik.de\/wp-content\/uploads\/Comic_2-400x558.jpg 400w\" sizes=\"(max-width: 660px) 100vw, 660px\" \/><\/figure><\/li><li class=\"blocks-gallery-item\"><figure><img loading=\"lazy\" width=\"660\" height=\"921\" src=\"http:\/\/cj-grafik.de\/wp-content\/uploads\/Comic_3.jpg\" alt=\"\" data-id=\"2215\" data-link=\"http:\/\/cj-grafik.de\/workshop\/comic-workshop\/comic_3\" class=\"wp-image-2215\" srcset=\"http:\/\/cj-grafik.de\/wp-content\/uploads\/Comic_3.jpg 660w, http:\/\/cj-grafik.de\/wp-content\/uploads\/Comic_3-215x300.jpg 215w, http:\/\/cj-grafik.de\/wp-content\/uploads\/Comic_3-107x150.jpg 107w, http:\/\/cj-grafik.de\/wp-content\/uploads\/Comic_3-400x558.jpg 400w\" sizes=\"(max-width: 660px) 100vw, 660px\" \/><\/figure><\/li><\/ul>\n\n\n\n<p>Ich bringe mit: <br>\u2022 drei \u00fcbersichtliche Plakate <br>\u2022 eine Beispielgeschichte<br>\u2022 leere Comicseiten<\/p>\n\n\n\n<p>Ich ben\u00f6tige:<br>\u2022 Platz f\u00fcr die Plakate<br>\u2022 je nach Teilnehmerzahl Tafel\/Flipboard\/Whiteboard<br>\u2022 evtl. Stifte und Papier f\u00fcr die TeilnehmerInnen<\/p>\n\n\n\n<p><a href=\"http:\/\/cj-grafik.de\/?page_id=1631\">\u2026 zur\u00fcck zu den Workshops<\/a><\/p>\n","protected":false},"excerpt":{"rendered":"\n<p>Dauer: 2\u20133 Stunden (auf Anfrage auch l\u00e4nger)Alter: ab 9 JahreTeilnehmeranzahl: bis 12Ziel: Die TeilnehmerInnen lernen Gestaltungsprinzipien und -techniken kennen und zeichnen ihren eigenen, individuellen Comic. Der Spa\u00df steht dabei im Vordergrund. <\/p>\n<p>Stationen:1. Der eigene Held, die eigene Heldin Welche Eigenschaften hat die Hauptfigur, ist sie ein Mensch, ein Tier, eine Kartoffel? Ist sie [&#8230;]<\/p>\n","protected":false},"author":1,"featured_media":0,"parent":1631,"menu_order":0,"comment_status":"closed","ping_status":"closed","template":"","meta":[],"_links":{"self":[{"href":"http:\/\/cj-grafik.de\/index.php?rest_route=\/wp\/v2\/pages\/2203"}],"collection":[{"href":"http:\/\/cj-grafik.de\/index.php?rest_route=\/wp\/v2\/pages"}],"about":[{"href":"http:\/\/cj-grafik.de\/index.php?rest_route=\/wp\/v2\/types\/page"}],"author":[{"embeddable":true,"href":"http:\/\/cj-grafik.de\/index.php?rest_route=\/wp\/v2\/users\/1"}],"replies":[{"embeddable":true,"href":"http:\/\/cj-grafik.de\/index.php?rest_route=%2Fwp%2Fv2%2Fcomments&post=2203"}],"version-history":[{"count":8,"href":"http:\/\/cj-grafik.de\/index.php?rest_route=\/wp\/v2\/pages\/2203\/revisions"}],"predecessor-version":[{"id":2348,"href":"http:\/\/cj-grafik.de\/index.php?rest_route=\/wp\/v2\/pages\/2203\/revisions\/2348"}],"up":[{"embeddable":true,"href":"http:\/\/cj-grafik.de\/index.php?rest_route=\/wp\/v2\/pages\/1631"}],"wp:attachment":[{"href":"http:\/\/cj-grafik.de\/index.php?rest_route=%2Fwp%2Fv2%2Fmedia&parent=2203"}],"curies":[{"name":"wp","href":"https:\/\/api.w.org\/{rel}","templated":true}]}}