{"id":57,"date":"2009-10-08T22:28:13","date_gmt":"2009-10-08T20:28:13","guid":{"rendered":"http:\/\/cj-grafik.de\/?page_id=57"},"modified":"2025-10-13T13:36:24","modified_gmt":"2025-10-13T11:36:24","slug":"uber-mich","status":"publish","type":"page","link":"https:\/\/cj-grafik.de\/?page_id=57","title":{"rendered":"\u00dcber mich"},"content":{"rendered":"\n<p>Sch\u00f6n, dass Sie den Weg zu mir gefunden haben. Sie sind bei mir richtig, wenn es um Illustrationen und Grafiken im Comic-Stil geht. Ich bin offen f\u00fcr Neues und freue mich darauf gemeinsam mit Ihnen an Ihrem Erfolg zu arbeiten. Seit 2008 bin ich als freiberuflicher Illustrator und Grafik-Designer t\u00e4tig.<\/p>\n\n\n\n<p>Im November 2007 habe ich an der <a rel=\"noreferrer noopener\" href=\"http:\/\/www.rsak.de\/\" target=\"_blank\">Rhein-Sieg-Akademie <\/a>in Hennef meinen Abschluss als Diplom-Grafik- und Kommunikationsdesigner gemacht.<\/p>\n\n\n\n<p>Die Akademie, in Kooperation mit <a rel=\"noreferrer noopener\" href=\"http:\/\/www.grey.de\/\" target=\"_blank\">Grey Worldwide<\/a>, verlieh mir ein Diplom mit der Note <em>\u201csehr gut\u201d<\/em>, sowie eine <em>besondere Auszeichnung<\/em> f\u00fcr herausragende Einzelleistung und die Zusatzqualifikation Film&amp;TV.<br>Ich bringe Erfahrung durch kreative Mitarbeit in verschiedenen Werbeagenturen, sowie durch meine selbstst\u00e4ndige T\u00e4tigkeit als Illustrator,&nbsp;Grafik-Designer und Kursleiter mit.<\/p>\n\n\n\n<p>Seit 2021 arbeite ich mit der Zusatzqualifikation Kunsttherapeut. <\/p>\n\n\n\n<p>Seit Oktober 2025 bin ich staatlich anerkannter Ergotherapeut. <\/p>\n\n\n\n<p><strong>Christoph Jansen<\/strong><br>Ergotherapeut<br>Kunsttherapeut<br>Dipl. Grafik-Designer (RSAK GREY)<br>Illustrator (IO)<br><\/p>\n\n\n\n<div style=\"height:50px\" aria-hidden=\"true\" class=\"wp-block-spacer\"><\/div>\n\n\n\n<p><strong>Aussstellungen\u2009\/\u2009Ver\u00f6ffentlichungen<\/strong><\/p>\n\n\n\n<ul><li>2009 \u201eNacht\u201c, im \u201eStadt Venlo\u201c, K\u00f6ln<\/li><li>2009 Beitrag in <a rel=\"noreferrer noopener\" href=\"http:\/\/www.amazon.de\/K%C3%BCnstler-andere-Nervens%C3%A4gen-Michael-Dahlem\/dp\/3941896008\" target=\"_blank\">&#8222;K\u00fcnstler und andere Nervens\u00e4gen&#8220;<\/a> von Michael Dahlem<\/li><li>2010 Comicver\u00f6ffentlichung in <a rel=\"noreferrer noopener\" href=\"https:\/\/www.facebook.com\/fernewelten\" target=\"_blank\">\u201eFerne Welten #1\u201c<\/a><\/li><li>2012 \u201eoutside inside II\u201c, Galerie Sassen K\u00f6ln<\/li><li>2012 GEBRA Hennef, \u00fcber Galerie Sassen<\/li><li>2014 \u201eRAOAR\u201c, Alte Fahrradwerkstatt, Siegburg<\/li><li>2015 Cartoons in &#8222;Fragen Sie Ihren Arzt \u2013 aber richtig!&#8220; von Dr. med Gunter Frank<\/li><li>2016\u20132020 Auftritte als Zeichner in der ZDF-Sendung &#8222;Mann, Sieber!&#8220;<\/li><li>2018\u20132021 monatlicher Cartoon auf der Kinderseite des K\u00f6lner Stadt-Anzeigers<\/li><li>2021 Ausstattung f\u00fcr Kindertheaterst\u00fccke &#8222;Der Wassertropfen&#8220; und &#8222;Die gro\u00dfe Seeschlange&#8220;, Theater der kleinen Form, Berlin<\/li><li>2022 Ausstattung f\u00fcr Kindertheaterst\u00fcck &#8222;Cover lernt fliegen&#8220;, Theater der kleinen Form, Berlin<\/li><\/ul>\n","protected":false},"excerpt":{"rendered":"\n<p>Sch\u00f6n, dass Sie den Weg zu mir gefunden haben. Sie sind bei mir richtig, wenn es um Illustrationen und Grafiken im Comic-Stil geht. Ich bin offen f\u00fcr Neues und freue mich darauf gemeinsam mit Ihnen an Ihrem Erfolg zu arbeiten. Seit 2008 bin ich als freiberuflicher Illustrator und Grafik-Designer t\u00e4tig.<\/p>\n<p>Im November 2007 habe [&#8230;]<\/p>\n","protected":false},"author":1,"featured_media":0,"parent":0,"menu_order":1,"comment_status":"closed","ping_status":"open","template":"","meta":[],"_links":{"self":[{"href":"https:\/\/cj-grafik.de\/index.php?rest_route=\/wp\/v2\/pages\/57"}],"collection":[{"href":"https:\/\/cj-grafik.de\/index.php?rest_route=\/wp\/v2\/pages"}],"about":[{"href":"https:\/\/cj-grafik.de\/index.php?rest_route=\/wp\/v2\/types\/page"}],"author":[{"embeddable":true,"href":"https:\/\/cj-grafik.de\/index.php?rest_route=\/wp\/v2\/users\/1"}],"replies":[{"embeddable":true,"href":"https:\/\/cj-grafik.de\/index.php?rest_route=%2Fwp%2Fv2%2Fcomments&post=57"}],"version-history":[{"count":61,"href":"https:\/\/cj-grafik.de\/index.php?rest_route=\/wp\/v2\/pages\/57\/revisions"}],"predecessor-version":[{"id":2712,"href":"https:\/\/cj-grafik.de\/index.php?rest_route=\/wp\/v2\/pages\/57\/revisions\/2712"}],"wp:attachment":[{"href":"https:\/\/cj-grafik.de\/index.php?rest_route=%2Fwp%2Fv2%2Fmedia&parent=57"}],"curies":[{"name":"wp","href":"https:\/\/api.w.org\/{rel}","templated":true}]}}